31, 5204267
List the prime factors of 2493796638.
2, 3, 127, 167, 19597
List the prime factors of 205119382.
2, 13, 17, 23, 20177
What are the prime factors of 5363150?
2, 5, 13, 37, 223
What are the prime factors of 41750536?
2, 5218817
What are the prime factors of 1379009834?
2, 491, 1404287
List the prime factors of 2285186622.
2, 3, 659, 877
List the prime factors of 1203943138.
2, 601971569
List the prime factors of 1678706297.
19, 88352963
List the prime factors of 2206908184.
2, 13, 179, 118549
List the prime factors of 3854386292.
2, 963596573
What are the prime factors of 1930822654?
2, 1061, 909907
List the prime factors of 1328919861.
3, 37, 2633, 4547
What are the prime factors of 468889646?
2, 7621, 30763
List the prime factors of 85320767.
7, 12188681
List the prime factors of 10558351.
10558351
List the prime factors of 325628277.
3, 13, 199, 41957
What are the prime factors of 142258782?
2, 3, 23709797
List the prime factors of 6266855.
5, 7, 25579
What are the prime factors of 3350829?
3, 1116943
List the prime factors of 989998808.
2, 17, 643, 11321
What are the prime factors of 626516142?
2, 3, 7, 257, 58043
What are the prime factors of 956213382?
2, 3, 17, 317, 29573
List the prime factors of 26538822.
2, 3, 557, 2647
List the prime factors of 429749384.
2, 7001, 7673
What are the prime factors of 100114962?
2, 3, 79, 211213
List the prime factors of 97077093.
3, 71, 455761
List the prime factors of 5058013362.
2, 3, 843002227
What are the prime factors of 54207081?
3, 139, 43331
What are the prime factors of 19219888?
2, 67, 17929
List the prime factors of 249871368.
2, 3, 10411307
List the prime factors of 1767449015.
5, 353489803
List the prime factors of 3984832811.
7079, 562909
List the prime factors of 466780556.
2, 11, 10608649
List the prime factors of 31414492.
2, 7853623
What are the prime factors of 198480521?
2777, 71473
List the prime factors of 745827357.
3, 11, 31, 729059
What are the prime factors of 2494161889?
2494161889
What are the prime factors of 63730225?
5, 13, 157, 1249
What are the prime factors of 33643896?
2, 3, 11, 13, 9803
What are the prime factors of 291380465?
5, 58276093
What are the prime factors of 43306519?
43306519
What are the prime factors of 32563796?
2, 19, 428471
What are the prime factors of 212077333?
13, 43, 379387
What are the prime factors of 1392797993?
29, 37, 43, 30187
List the prime factors of 60751022.
2, 233, 130367
What are the prime factors of 25129848?
2, 3, 1047077
What are the prime factors of 1810807277?
1810807277
What are the prime factors of 129460118?
2, 29, 2232071
List the prime factors of 814595995.
5, 41, 3973639
List the prime factors of 5784630468.
2, 3, 37, 41, 47, 6761
What are the prime factors of 2876295015?
3, 5, 11, 23, 3119
What are the prime factors of 51561616?
2, 89, 36209
What are the prime factors of 162454716?
2, 3, 37, 121963
List the prime factors of 355932616.
2, 13, 3422429
What are the prime factors of 484995858?
2, 3, 80832643
List the prime factors of 1324338942.
2, 3, 23, 379, 25321
What are the prime factors of 448062998?
2, 224031499
What are the prime factors of 2236822891?
43, 52019137
List the prime factors of 4944752.
2, 199, 1553
List the prime factors of 2109122249.
13, 162240173
What are the prime factors of 690294663?
3, 25566469
What are the prime factors of 571859317?
571859317
What are the prime factors of 40308719?
11, 23, 107, 1489
What are the prime factors of 44946656?
2, 1404583
List the prime factors of 70012399.
37, 229, 8263
What are the prime factors of 113146540?
2, 5, 13, 435179
What are the prime factors of 1934271153?
3, 214919017
What are the prime factors of 4403030909?
4403030909
List the prime factors of 25710094.
2, 71, 331, 547
What are the prime factors of 416618392?
2, 431, 120829
What are the prime factors of 283257220?
2, 5, 421, 33641
What are the prime factors of 1965877573?
11, 2819, 63397
List the prime factors of 36025820.
2, 5, 23, 78317
List the prime factors of 12963647.
157, 82571
List the prime factors of 6233687969.
6233687969
What are the prime factors of 35518683?
3, 11839561
What are the prime factors of 45097536?
2, 3, 11, 131, 163
What are the prime factors of 63479689?
7, 13, 697579
List the prime factors of 51111468.
2, 3, 1419763
List the prime factors of 3252158895.
3, 5, 67, 3235979
What are the prime factors of 1681247845?
5, 41, 157, 52237
List the prime factors of 113306768.
2, 17, 61, 6829
What are the prime factors of 1030616574?
2, 3, 13, 37, 357109
What are the prime factors of 1353993956?
2, 7, 79, 612113
List the prime factors of 3828079504.
2, 157, 1523917
List the prime factors of 1961630.
2, 5, 11, 17, 1049
List the prime factors of 25161225.
3, 5, 19, 17657
What are the prime factors of 2848473908?
2, 7, 751, 135461
List the prime factors of 68260012.
2, 17065003
What are the prime factors of 1059937617?
3, 29, 41, 297151
What are the prime factors of 120079936?
2, 1876249
What are the prime factors of 790967037?
3, 7, 37665097
What are the prime factors of 282216557?
7, 19, 463, 4583
What are the prime factors of 98087912?
2, 13, 943153
List the prime factors of 382630210.
2, 5, 31, 853, 1447
What are the prime factors of 208471281?
3, 69490427
List the prime factors of 2196692455.
5, 691, 635801
What are the prime factors of 9520808?
2, 11, 108191
What are the prime factors of 29098300?
2, 5, 7, 11, 3779
What are the prime factors of 1132360240?
2, 5, 11, 1286773
List the prime factors of 6194449.
6194449
What are the prime factors of 115651257?
3, 97, 397427
What are the prime factors of 485249506?
2, 7, 5077, 6827
What are the prime factors of 3509829932?
2, 7, 1613, 77713
What are the prime factors of 123814229?
7, 11, 229711
List the prime factors of 58388604.
2, 3, 4865717
What are the prime factors of 1367929112?
2, 11, 599, 25951
List the prime factors of 76528930.
2, 5, 127, 60259
List the prime factors of 289883646.
2, 3, 13, 19, 113, 577
What are the prime factors of 1171011687?
3, 3253, 119993
List the prime factors of 3089596514.
2, 181, 293, 29129
What are the prime factors of 1131204246?
2, 3, 188534041
List the prime factors of 48225082.
2, 24112541
List the prime factors of 2728481525.
5, 7, 11, 1417393
What are the prime factors of 4062475628?
2, 9341, 108727
List the prime factors of 35923982.
2, 29, 127, 4877
What are the prime factors of 2361702961?
1783, 1324567
List the prime factors of 1545007199.
211, 7322309
List the prime factors of 53410345.
5, 17, 628357
What are the prime factors of 3553376?
2, 111043
What are the prime factors of 3119836947?
3, 149, 1069, 6529
List the prime factors of 254735257.
7, 36390751
What are the prime factors of 5841457003?
5841457003
What are the prime factors of 187296284?
2, 7, 6689153
List the prime factors of 2143884656.
2, 3559, 37649
What are the prime factors of 34320278?
2, 23, 43, 17351
What are the prime factors of 86465372?
2, 7, 23, 134263
What are the prime factors of 245114864?
2, 23, 666073
What are the prime factors of 223304934?
2, 3, 43, 107, 8089
List the prime factors of 6445399711.
41, 157204871
List the prime factors of 2056587982.
2, 1028293991
What are the prime factors of 88551208?
2, 2411, 4591
List the prime factors of 12776975.
5, 53, 9643
List the prime factors of 832305501.
3, 277, 333857
List the prime factors of 1734171278.
2, 7, 37, 151, 22171
List the prime factors of 2131023530.
2, 5, 29, 7348357
List the prime factors of 447909274.
2, 223954637
List the prime factors of 39556571.
39556571
List the prime factors of 185095417.
13, 743, 19163
List the prime factors of 2257453303.
7, 1409, 228881
List the prime factors of 149446834.
2, 1049, 71233
What are the prime factors of 235939365?
3, 5, 1747699
What are the prime factors of 61647544?
2, 7, 23, 2081
List the prime factors of 14273969.
157, 90917
What are the prime factors of 480007158?
2, 3, 80001193
List the prime factors of 3600172225.
5, 13, 2777, 3989
What are the prime factors of 2477041402?
2, 11, 43, 73, 35869
List the prime factors of 339860.
2, 5, 16993
What are the prime factors of 77331580?
2, 5, 179, 21601
What are the prime factors of 136719561?
3, 11, 137, 30241
What are the prime factors of 81792179